/4. Suppose h*l - 12*l = k. What is the greatest common factor of l and 198?
22
Suppose 89*j - 70176 = -143*j - 26*j. Calculate the greatest common factor of 3536 and j.
272
Let p(s) be the second derivative of -2*s**3/3 + 71*s**2 + 3*s + 3. Let n be p(28). What is the highest common factor of n and 165?
15
Let l be (-2)/((-12)/435) + 6/(-4). Suppose l = -n + 100. Suppose -n = 3*x - 119. Calculate the greatest common factor of x and 6.
6
Suppose -370 = -3*q - 385. Let v(l) = -14*l - 38. Let z be v(q). Calculate the greatest common divisor of z and 2.
2
Let n = -14 + 39. Suppose 0 = 5*j - 5*a - n, 0 = -2*j + a + 9 - 2. Suppose 1 = j*v + 2*y - 7, -12 = -4*y. Calculate the highest common divisor of v and 1.
1
Suppose -7*l + 70 = 4*a - 5*l, -2*a - 4*l = -20. Calculate the highest common factor of 12780 and a.
20
Suppose -72 = -3*z + y, 4*y + 0*y - 80 = -4*z. Let h = 652 + -282. Let j = h + -324. What is the greatest common divisor of j and z?
23
Let p be -2 - (1 - 27)*(-3)/(-6). Let a = p - 10. Let m be (a*8)/((-8)/(-32)). What is the greatest common factor of m and 352?
32
Let t = 6798 + -2518. Calculate the greatest common factor of t and 32.
8
Let h = 25 + -20. Suppose u + a = -3011, -u = -0*a + h*a + 2995. Let i be (-1)/4 + u/(-60). Calculate the highest common divisor of i and 5.
5
Let i(h) = -8*h + 281. Suppose 868*n - 862*n = 192. Let f be i(n). What is the greatest common divisor of f and 100?
25
Let h be 2408/2709*(-54)/(-2). Let o(j) = -j + 300. Let g be o(0). Calculate the highest common factor of g and h.
12
Suppose 13*o - 18*o + y + 6956 = 0, -o + 1372 = -5*y. What is the greatest common divisor of o and 24?
24
Let z = -853 - -931. What is the greatest common factor of z and 1131?
39
Let c(p) = p**3 - 2*p**2 - 22*p + 17. Let f = 62 - 54. Let l be c(f). Let s be (8/(-12))/(1/(-135)). Calculate the greatest common factor of l and s.
45
Let j = -178 + 179. Let d(q) = 29*q + 1. Let x be d(j). What is the highest common divisor of x and 390?
30
Suppose 0 = 4*i - 6*i + 310. Let m = i + -91. Suppose 56*r + 531 = 1427. What is the highest common divisor of r and m?
16
Suppose 5*r = 6*r + 18. Let o = r + 72. Let k = 36 + -30. Calculate the greatest common divisor of k and o.
6
Suppose -4*v + 29 = -170*t + 173*t, 5*v - 3*t + 11 = 0. What is the highest common divisor of 958 and v?
2
Suppose 0 = -2*q + 100 + 92. Let c = q + -75. Suppose -c - 135 = -12*a. Calculate the greatest common divisor of a and 143.
13
Let v = 1019 + -973. Suppose -g = -4*g - u + 208, 4*g + 5*u - 281 = 0. Calculate the highest common divisor of g and v.
23
Let n = -3116 + 7672. Calculate the highest common factor of 204 and n.
68
Let v(a) = -226*a - 19. Let n be v(-6). Suppose d = -y - 4*d + 330, -4*y + n = 3*d. Let q = y + -190. What is the greatest common divisor of 58 and q?
29
Suppose -770 = -5*u + 5*s, 4*u + 3*s - 178 = 438. Calculate the greatest common factor of u and 2002.
154
Suppose 1314*x - 540 = 1296*x. Calculate the greatest common divisor of x and 24810.
30
Suppose 5*d = -6*k + 217, -2*k + 12 - 8 = 0. What is the greatest common divisor of d and 7913?
41
Suppose 2*l - 3*k = 67 + 17, -4*l = k - 168. What is the highest common factor of l and 4536?
42
Let t(w) = -44*w - 420. Let j be t(-10). Calculate the highest common divisor of 5300 and j.
20
Let x be ((-7)/((-70)/(-150)))/(-1). What is the highest common divisor of 1605 and x?
15
Let c(l) = 22*l**2 - 34*l - 105. Let j be c(-3). Let y = j + 109. Calculate the highest common divisor of y and 24.
8
Let t be 1505/315 + (2 - 7) - 1304/(-36). What is the highest common factor of t and 468?
36
Let z = -26036 + 26176. What is the highest common divisor of z and 28?
28
Suppose 0 = -30*z + 32*z - 2*y + 1008, 4*z + 2*y + 2040 = 0. Let i = z + 704. Calculate the greatest common divisor of 245 and i.
49
Suppose 4*r = 3*i + 36, -63*r - 3*i = -65*r + 12. What is the highest common divisor of 138 and r?
6
Let p be (-36)/(12 + -8) - (-5 - (-4 + 2624)). What is the greatest common factor of 432 and p?
24
Let i(o) be the first derivative of -17/2*o**2 + 20*o - 3*o**3 + 1/4*o**4 + 7. Let m be i(11). Calculate the highest common factor of m and 30.
15
Let g be ((-48)/(-40))/(9/30). Let c be ((-150)/(-9))/(6/(-9)). Let u = c - -77. What is the greatest common divisor of u and g?
4
Let q = -20 + 28. Suppose -231 - 154 = -5*x. Let f be 14201/x - 6/14. Calculate the highest common factor of f and q.
8
Let c(t) be the third derivative of t**4/12 - 3*t**2. Let o be c(3). Let h = -1500 - -1503. What is the greatest common factor of o and h?
3
Suppose 0 = 25*x - 31 - 119. Let f be ((-7)/2)/(x/(-468)). What is the greatest common factor of 364 and f?
91
Suppose 2065*f - 2500 = -4*z + 2067*f, -4*f = 5*z - 3112. Suppose 3*r = 101 + 43. Calculate the greatest common divisor of z and r.
48
Let z be (68720/15)/8 - 14/21. Let x = 727 - z. What is the highest common divisor of 186 and x?
31
Let k(f) = -47*f + 15. Let i be k(9). Let d = -386 - i. What is the greatest common factor of 187 and d?
11
Suppose 0 = -5*d, -d - 127 = 5*q - 5*d - 452. Calculate the greatest common divisor of q and 143.
13
Let x = 82 - -6. Suppose -1 = -t, -s - 3*t - 2*t + 27 = 0. Calculate the greatest common divisor of s and x.
22
Let y be (-31)/186 + (-52811)/(-66). Calculate the highest common divisor of 375 and y.
25
Let v be (-171)/798 + 745131/42. Calculate the highest common factor of 226 and v.
113
Suppose -154903*d - 216 = -154906*d. What is the greatest common factor of 2124 and d?
36
Suppose 8*w - 61 = -4*c + 3*w, 5*w = -5*c + 75. Let x be 808/c + (-92)/(-322). What is the greatest common factor of x and 58?
58
Suppose 2*z + m - 5*m + 134 = 0, 5*z - m + 290 = 0. Let k be 38/z - (-382)/6. What is the greatest common divisor of 15 and k?
3
Let z be -217*(-3)/((-9)/(-3)). Let w = 39 + -40. Let i be 93/2*(-2)/3*w. Calculate the highest common divisor of i and z.
31
Let b be 12/((-2)/4*(-8)/6). Let u = -3 + -6. Let r = u - -171. Calculate the highest common divisor of b and r.
18
Let z(c) = 7*c**3 - 23*c**2 + 77*c - 20. Let m be z(9). Calculate the greatest common factor of m and 364.
91
Suppose -3*j - 2*z + 314 = 248, j - 2*z = 22. Suppose -212 = -4*p - 4*x, 0*p - 3*x = -4*p + 226. What is the highest common divisor of j and p?
11
Suppose -553 = -5*h - 2*t, -18*h + 19*h - 89 = 5*t. What is the greatest common divisor of h and 10573?
109
Suppose f - 1 = 2*a - 0*a, a + 2 = 0. Let o be f + 1/2*12. Suppose 0 = -3*i - 4*d + 49, -94 = -o*i + 3*d - 10. Calculate the greatest common factor of i and 69.
23
Let z(r) = -64*r**3 - 2*r**2 + r + 2. Let t be z(2). Let s = -270 - t. What is the greatest common divisor of 6 and s?
6
Let u(p) = p + 1. Let t be u(-1). Suppose t = -12*o + 15*o - 15. Let x = o - -3. What is the highest common divisor of x and 4?
4
Let p be 2414*(-39)/(-26) + -11. Calculate the greatest common factor of 114 and p.
38
Let p(j) = -12*j**3 + 30*j**2 + 179*j - 12. Let m be p(-5). Calculate the highest common factor of 34 and m.
17
Let r be (-1)/(-3) + (-4380)/(-36). Suppose 1183 = -r*d + 135*d. What is the greatest common factor of 52 and d?
13
Let s = -7 - -10. Let o be -1*(-6)/s - -10. Let q be (-462)/55*((-1251)/63 - -7). What is the highest common divisor of q and o?
12
Suppose 4*j - 4*f - 424 = 0, -5*j - 2*f + 522 = f. Suppose 2*l + 3*s - j = 4*s, 4*l = -4*s + 240. What is the highest common factor of l and 11?
11
Suppose 58*q + 142 = 59*q - 4*p, -3*q + 506 = 4*p. What is the highest common factor of q and 6102?
54
Let l = -51 - -71. Suppose 2*t = -3*t + l, 4*t = -3*m + 136. What is the greatest common factor of 40 and m?
40
Let g be -8*1*(-75)/20. Let w(r) = 6*r**2 - 65*r - 624. Let h be w(18). Calculate the greatest common divisor of g and h.
30
Suppose -33*c - 1802 = -7379. What is the highest common factor of 52 and c?
13
Suppose -9*v + 561 = 376 - 571. Suppose q - 214 = -4*p, 3*q - 3*p - p - 626 = 0. What is the greatest common divisor of v and q?
42
Let q = -1959 + 2033. Let d(c) = 21*c - 10. Let i be d(4). Calculate the greatest common divisor of q and i.
74
Suppose 0 = -35*j - 3 - 242. Let g(k) = 4*k**2 + 20*k - 11. Let q be g(j). Calculate the greatest common factor of 90 and q.
45
Suppose -6*t + 2*t = f - 294, -5*f + 1432 = t. Suppose 